Calculate x(0).
-3
Let f(j) = 32*j + 35. Calculate f(3).
131
Let p(q) = -2*q**2 + 91*q - 978. What is p(28)?
2
Let x(n) = 13*n**2 + 123*n + 58. What is x(-9)?
4
Let u(s) = s**3 - 48*s**2 + 409*s - 76. Determine u(37).
-2
Let j(v) = 10*v**2 - 83*v + 20. Determine j(8).
-4
Let d(h) = -20*h**2 - 8*h - 8. Determine d(-1).
-20
Let j(b) = b**3 - 151*b**2 + 461*b - 2531. Determine j(148).
-15
Let r(j) = 98*j**2 - 1080*j + 30. Determine r(11).
8
Let g(d) = -17*d**2 - 14*d + 1. What is g(-2)?
-39
Let c(y) = -71*y**2 + 568*y - 12. Calculate c(8).
-12
Let n(h) = 61*h - 220. Calculate n(3).
-37
Let n(z) = 3*z**2 - 27*z + 102. Determine n(9).
102
Let t(f) = -2*f**3 + 31*f**2 + 88*f + 43. Calculate t(18).
7
Let n(i) = -2*i**2 + 3*i + 12. Calculate n(9).
-123
Let c(d) = -d**3 - 5*d**2 + 207*d + 1355. Calculate c(-7).
4
Let x(o) = 107*o - 721. Calculate x(7).
28
Let x(f) = 940*f - 5659. Give x(6).
-19
Let d(k) = -k**2 - 26*k + 124. Determine d(-21).
229
Let s(b) = -30*b + 807. What is s(34)?
-213
Let a(j) = j**3 - 14*j**2 - 60*j + 19. Calculate a(17).
-134
Let g(s) = -60*s - 4679. Calculate g(-77).
-59
Let d(h) = 2*h**2 + 102*h - 21384. What is d(-132)?
0
Let j(v) = v**2 + 8*v - 462. Give j(-29).
147
Let k(u) = -617*u - 708. Give k(-1).
-91
Let z(c) = -c**3 + 7*c**2 - 5*c + 12. What is z(7)?
-23
Let r(a) = -184*a + 1091. Calculate r(6).
-13
Let p(c) = c**3 + 10*c**2 - 79*c + 27. Determine p(5).
7
Let p(w) = -306*w - 29694. Calculate p(-97).
-12
Let m(z) = 10*z**3 + 48*z**2 - 9*z - 9. Give m(-5).
-14
Let x(b) = -361*b + 1933. Calculate x(5).
128
Let o(h) = h**3 + 12*h**2 - 64*h - 905. What is o(-10)?
-65
Let l(x) = -122*x + 841. What is l(7)?
-13
Let s(c) = -3*c**3 - 74*c**2 + 27*c - 36. Determine s(-25).
-86
Let b(g) = g**3 + 30*g**2 + 184*g + 231. Calculate b(-6).
-9
Let s(f) = -f**3 + 35*f**2 - 70*f + 71. Calculate s(33).
-61
Let b(r) = r**2 + 148*r - 9635. Determine b(49).
18
Let c(f) = 4*f - 143. What is c(16)?
-79
Let y(h) = -2*h**3 - 24*h**2 + 573*h + 30. Give y(12).
-6
Let w(p) = -46*p + 1170. Calculate w(30).
-210
Let s(a) = -23*a - 548. Give s(-24).
4
Let z(x) = -x**3 + 22*x**2 + 7*x - 595. Give z(21).
-7
Let y(l) = -l**3 - 17*l**2 - 48*l - 88. What is y(-14)?
-4
Let r(f) = 14*f + 38. Determine r(3).
80
Let a(j) = -45*j**2 - 301*j - 8. Calculate a(-7).
-106
Let d(u) = u**2 + 26*u + 21. Determine d(-27).
48
Let r(o) = 54*o + 2859. Give r(-53).
-3
Let s(f) = -f**2 - 2*f + 70. What is s(-9)?
7
Let l(i) = -i**3 - 15*i**2 - 40*i - 57. Give l(-12).
-9
Let a(j) = -33*j**3 + 73*j**2 - 11*j + 7. What is a(2)?
13
Let d(f) = 2060*f - 8237. Give d(4).
3
Let k(y) = -1856*y + 1844. Give k(1).
-12
Let k(u) = 5*u**2 - 6*u - 636. Calculate k(12).
12
Let v(n) = -2*n**3 - 23*n**2 - 89*n - 10. Give v(-8).
254
Let n(v) = -124*v + 1610. Determine n(13).
-2
Let u(p) = -p**2 - 15*p - 5. Give u(-9).
49
Let f(j) = j**3 - 7*j**2 - 8. What is f(7)?
-8
Let t(b) = 2*b**2 - 508*b + 1512. Determine t(3).
6
Let r(m) = -m**3 + 15*m**2 + 3*m + 1. What is r(12)?
469
Let c(g) = 56*g - 360. Calculate c(-4).
-584
Let m(s) = s**2 - 9*s - 64. Calculate m(-6).
26
Let d(y) = 3*y**3 + 22*y**2 + 11*y + 14. Give d(-7).
-14
Let f(t) = 10*t - 687. Determine f(72).
33
Let o(q) = -1077*q + 1069. What is o(1)?
-8
Let q(v) = v**3 + 2*v**2 + v + 6. Determine q(-2).
4
Let u(t) = t**3 - 8*t**2 - 75*t + 31. What is u(-6)?
-23
Let k(c) = c**2 + 23*c + 144. Give k(-15).
24
Let n(m) = -163*m + 1304. What is n(8)?
0
Let f(b) = 197*b + 1336. Give f(-7).
-43
Let k(f) = f**3 + 6*f**2 - 4*f + 90. Give k(-8).
-6
Let y(c) = -43*c**2 + 223*c - 9. What is y(5)?
31
Let u(t) = -2*t**2 - 101*t + 1014. What is u(-59)?
11
Let q(f) = 412*f + 1376. What is q(-4)?
-272
Let f(x) = 2*x - 86. Determine f(-10).
-106
Let d(n) = -6*n**3 + 19*n**2 + 21*n + 4. Determine d(-1).
8
Let w(l) = -16*l**3 - 78*l**2 + 81*l - 4. Calculate w(1).
-17
Let x(g) = 219*g - 1532. Calculate x(7).
1
Let x(m) = -179*m + 1097. Calculate x(6).
23
Let b(a) = 1074*a + 29002. Determine b(-27).
4
Let h(s) = 31*s + 1688. Determine h(-53).
45
Let i(n) = 954*n - 5726. What is i(6)?
-2
Let g(s) = 756*s - 28717. Give g(38).
11
Let u(y) = -8*y - 119. Determine u(-12).
-23
Let j(p) = 31*p + 17. Determine j(8).
265
Let r(q) = -q**2 + 22*q + 309. Determine r(-7).
106
Let h(z) = -12*z - 33. Determine h(12).
-177
Let h(k) = k**3 - k**2 + 9*k - 13. Give h(2).
9
Let p(l) = -l**2 + 234*l - 13248. Calculate p(96).
0
Let m(c) = -18*c**2 - 5*c + 21. Give m(3).
-156
Let p(v) = 6*v**3 - 5*v**2 + 2*v + 4. What is p(-2)?
-68
Let u(q) = q**3 - 18*q**2 + 70*q + 67. What is u(11)?
-10
Let m(f) = 2122*f + 16968. Give m(-8).
-8
Let p(s) = -86*s + 273. Determine p(2).
101
Let h(t) = -3*t**3 - 33*t**2 + 42*t + 72. Give h(-12).
0
Let u(t) = t**3 - 31*t**2 - 1746*t - 115. Give u(-29).
59
Let s(q) = -q**3 - 245*q**2 + 992*q - 1005. Give s(-249).
-9
Let r(b) = -8*b**2 - 117*b + 31. Calculate r(-20).
-829
Let a(d) = -2*d**2 - 44*d + 64. What is a(-26)?
-144
Let x(s) = s**3 - 28*s**2 + 91*s + 162. Calculate x(24).
42
Let h(a) = -a**3 + 147*a**2 - 3420*a - 210. Give h(118).
26
Let w(u) = -u**2 - 42*u + 186. Determine w(-41).
227
Let c(q) = -1137*q - 5687. What is c(-5)?
-2
Let u(y) = y**3 - 32*y**2 + 3*y + 28. What is u(32)?
124
Let w(x) = -x**3 + 44*x**2 + 40*x + 225. Determine w(45).
0
Let p(m) = 9*m + 98. Determine p(17).
251
Let t(f) = 13*f + 301. Determine t(-27).
-50
Let p(u) = u**3 - 20*u**2 + 26*u - 108. Calculate p(19).
25
Let h(j) = 8*j**2 + 182*j + 361. What is h(-2)?
29
Let h(t) = 5*t**2 + 185*t - 7. Give h(-37).
-7
Let o(f) = -4*f**3 + f**2 + 20*f - 31. Calculate o(3).
-70
Let p(m) = 66*m**2 + 1121*m - 4. Determine p(-17).
13
Let d(c) = 4*c**2 + 53*c + 16. Calculate d(-12).
-44
Let j(a) = -617*a - 12340. Calculate j(-20).
0
Let z(m) = 18*m + 526. Give z(-35).
-104
Let j(o) = -53*o + 1902. Determine j(36).
-6
Let i(v) = 2*v**3 + 50*v**2 + 308*v + 5. Determine i(-14).
5
Let b(r) = 627*r + 16910. Give b(-27).
-19
Let w(k) = -205*k + 1621. Give w(8).
-19
Let x(i) = i**3 - 93*i**2 + 1232*i + 3. Determine x(77).
3
Let l(r) = -13*r + 1044. Determine l(84).
-48
Let a(c) = -12*c**3 + 7*c**2 + 211*c - 424. Calculate a(2).
-70
Let x(f) = f**3 + 20*f**2 + 124*f + 958. Determine x(-16).
-2
Let u(c) = c**3 + 31*c**2 + 31*c + 39. Calculate u(-30).
9
Let t(y) = 21*y + 64. Give t(-2).
22
Let r(g) = 10*g**3 + g**2 - 48*g - 49. Determine r(-1).
-10
Let v(r) = -r**3 + 5*r**2 + 34*r + 25. Give v(-3).
-5
Let b(u) = 767*u + 771. Determine b(-1).
4
Let b(k) = k**3 + 3*k**2 + 24*k + 90. Determine b(-4).
-22
Let q(i) = -175*i - 788. Give q(-4).
-88
Let h(n) = -294*n**3 + 3*n**2 + 4*n - 6. What is h(1)?
-293
Let g(w) = -w**2 + 8*w - 13. Calculate g(8).
-13
Let t(x) = 4*x**2 + 63*x + 170. Determine t(-3).
17
Let z(x) = -x**3 - 15*x**2 + 18*x + 38. Calculate z(-16).
6
Let k(h) = -229*h + 15596. What is k(68)?
24
Let t(i) = 17*i + 170. What is t(-51)?
-697
Let h(o) = -o**3 - 7*o**2 - o + 10. Calculate h(-7).
17
Let z(f) = 3*f**2 - 7*f + 50. Calculate z(6).
116
Let w(h) = -h**3 - 16*h**2 - 89*h + 10. Calculate w(-5).
180
Let f(v) = 4*v**3 + 14*v**2 + 46*v - 9. Calculate f(-5).
-389
Let j(m) = -m**2 - m - 57. Determine j(-23).
-563
Let o(b) = 253*b + 2531. What is o(-10)?
1
Let o(f) = 3*f - 151. Determine o(65).
44
Let x(h) = h**3 - 27*h**2 - 471*h - 36. Determine x(-12).
0
Let s(n) = -3*n**2 - 519*n - 2607. Give s(-5).
-87
Let b(h) = h**2 + 51*h + 125. Give b(-50).
75
Let r(p) = -3*p**3 - 28*p**2 + 51*p - 50. Determine r(-11).
-6
Let y(a) = 158*a - 720. Determine y(10).
860
Let o(g) = -123*g + 123. Calculate o(1).
0
Let d(q) = -2*q**3 - 6*q**2 + 10*q + 18. What is d(-4)?
10
Let r(n) = 2*n**3 - 157*n**2 + 75*n + 191. Give r(78).
-43
Let g(s) = -349*s + 1401. Determine g(4).
5
Let l(j) = -62*j - 1066. Determine l(-17).
-12
Let n(y) = 11*y**2 + 73*y + 11. Determine n(-7).
39
Let v(z) = z**3 - 16*z**2 + 33*z - 129. Calculate v(15).
141
Let j(h) = -h + 87. Determine j(60).
27
Let v(i) = 4*i**2 - 138*i + 318. What is v(32)?
-2
Let c(l) = 60*l + 497. Determine c(-9).
-43
Let m(a) = -71*a**2 - 10*a - 19. What is m(-2)?
-283
Let z(h) = -h**3 + 19*h**2 + h - 17. Calculate z(19).
2
Let d(a) = -3*a**3 - 17*a**2 + 7*a - 21. What is d(-8)?
371
Let v(j) = -13*j + 709. What is v(48)?
85
Let o(w) = w**3 + 2*w**2 - 229*w 